{"id":217,"date":"2025-02-28T03:43:16","date_gmt":"2025-02-28T03:43:16","guid":{"rendered":"https:\/\/www.telnetcomunicaciones.com\/?page_id=217"},"modified":"2025-04-17T04:31:33","modified_gmt":"2025-04-17T04:31:33","slug":"test-slider","status":"publish","type":"page","link":"https:\/\/www.telnetcomunicaciones.com\/?page_id=217","title":{"rendered":"Nuestros Servicios"},"content":{"rendered":"\n<p class=\"has-black-color has-text-color has-link-color wp-elements-d2653c01e75eb77ab7af6826c206f32d\"><mark style=\"background-color:rgba(0, 0, 0, 0)\" class=\"has-inline-color has-black-color\"><strong>Brindamos asesoramiento y planificaci\u00f3n para la realizaci\u00f3n de redes cableadas e inal\u00e1mbricas, de acuerdo a la necesidad de cada cliente. Tambi\u00e9n bridamos soluciones de soporte t\u00e9cnico a peque\u00f1as y grandes empresas.<\/strong><\/mark><\/p>\n\n\n\n<p class=\"has-black-color has-text-color has-link-color wp-elements-c781c4a012f5c39cefc8f01b3bde49e3\"><br><strong>\u2022 Redes de cableado estructurado y fibra \u00f3ptica.<br>\u2022 Fabricaci\u00f3n de torres de comunicaciones.<br>\u2022 Realizaci\u00f3n de radio enlaces inal\u00e1mbricos punto a punto y punto multipunto.<br>\u2022 Instalaci\u00f3n de antenas satelitales.<br>\u2022 Soluciones de Networking: instalaci\u00f3n de routers y switches.<br>\u2022 Soluciones de seguridad basadas en firewall por software y hardware<\/strong><br><\/p>\n\n\n<div class=\"free align wp-block-bicb-carousel\" id='bicbCarousel-1' data-attributes='{&quot;carousels&quot;:[{&quot;image&quot;:{&quot;id&quot;:329,&quot;url&quot;:&quot;http:\\\/\\\/www.telnetcomunicaciones.com\\\/wp-content\\\/uploads\\\/2025\\\/04\\\/RackTelefonia-scaled.jpg&quot;,&quot;alt&quot;:&quot;&quot;,&quot;title&quot;:&quot;\\u00f8;&quot;,&quot;caption&quot;:&quot;\\u00f8;&quot;},&quot;action&quot;:&quot;none&quot;,&quot;link&quot;:&quot;&quot;,&quot;caption&quot;:&quot;Green Leafed Plant&quot;},{&quot;image&quot;:{&quot;id&quot;:345,&quot;url&quot;:&quot;http:\\\/\\\/www.telnetcomunicaciones.com\\\/wp-content\\\/uploads\\\/2025\\\/04\\\/IMG_20250123_104754-scaled.jpg&quot;,&quot;alt&quot;:&quot;&quot;,&quot;title&quot;:&quot;IMG_20250123_104754&quot;,&quot;caption&quot;:&quot;&quot;},&quot;action&quot;:&quot;none&quot;,&quot;link&quot;:&quot;&quot;,&quot;caption&quot;:&quot;Green Grass Field&quot;},{&quot;image&quot;:{&quot;id&quot;:26,&quot;url&quot;:&quot;http:\\\/\\\/www.telnetcomunicaciones.com\\\/wp-content\\\/uploads\\\/2025\\\/02\\\/CableadoEstructurado.jpg&quot;,&quot;alt&quot;:&quot;&quot;,&quot;title&quot;:&quot;CableadoEstructurado&quot;,&quot;caption&quot;:&quot;&quot;},&quot;action&quot;:&quot;none&quot;,&quot;link&quot;:&quot;&quot;,&quot;caption&quot;:&quot;White Daisy on Grass&quot;},{&quot;image&quot;:{&quot;id&quot;:347,&quot;url&quot;:&quot;http:\\\/\\\/www.telnetcomunicaciones.com\\\/wp-content\\\/uploads\\\/2025\\\/04\\\/IMG_20250301_123652-scaled.jpg&quot;,&quot;alt&quot;:&quot;&quot;,&quot;title&quot;:&quot;IMG_20250301_123652&quot;,&quot;caption&quot;:&quot;&quot;},&quot;action&quot;:&quot;none&quot;,&quot;link&quot;:&quot;&quot;,&quot;caption&quot;:&quot;Wheat Plants&quot;},{&quot;image&quot;:{&quot;id&quot;:342,&quot;url&quot;:&quot;http:\\\/\\\/www.telnetcomunicaciones.com\\\/wp-content\\\/uploads\\\/2025\\\/04\\\/IMG_20250116_161721-scaled.jpg&quot;,&quot;alt&quot;:&quot;&quot;,&quot;title&quot;:&quot;IMG_20250116_161721&quot;,&quot;caption&quot;:&quot;&quot;},&quot;action&quot;:&quot;none&quot;,&quot;link&quot;:&quot;&quot;,&quot;caption&quot;:&quot;&quot;}],&quot;carouselOptions&quot;:{&quot;columns&quot;:{&quot;desktop&quot;:3,&quot;tablet&quot;:2,&quot;mobile&quot;:1},&quot;columnGap&quot;:30,&quot;isLoop&quot;:true,&quot;allowTouchMove&quot;:false,&quot;speed&quot;:3,&quot;autoplayOptions&quot;:{&quot;enabled&quot;:true,&quot;delay&quot;:1.5,&quot;disableOnInteraction&quot;:false,&quot;reverseDirection&quot;:false,&quot;pauseOnMouseEnter&quot;:false,&quot;stopOnLastSlide&quot;:false},&quot;freeMode&quot;:{&quot;enabled&quot;:false,&quot;sticky&quot;:false},&quot;effect&quot;:&quot;slide&quot;,&quot;mousewheel&quot;:{&quot;enabled&quot;:false},&quot;pagination&quot;:{&quot;inTablet&quot;:true,&quot;inMobile&quot;:true,&quot;clickable&quot;:true,&quot;dynamicBullets&quot;:false,&quot;border&quot;:[]},&quot;navigation&quot;:{&quot;inTablet&quot;:true,&quot;inMobile&quot;:true}},&quot;pageColor&quot;:&quot;rgba(255, 255, 255, 1)&quot;,&quot;prevNextColor&quot;:&quot;rgba(255, 255, 255, 1)&quot;,&quot;image&quot;:{&quot;width&quot;:&quot;0px&quot;},&quot;metadata&quot;:{&quot;categories&quot;:[&quot;bicbPattern&quot;],&quot;patternName&quot;:&quot;bicb-patterns\\\/fade&quot;,&quot;name&quot;:&quot;Carousel- Fade&quot;},&quot;align&quot;:&quot;&quot;,&quot;width&quot;:{&quot;desktop&quot;:&quot;100%&quot;,&quot;tablet&quot;:&quot;100%&quot;,&quot;mobile&quot;:&quot;100%&quot;},&quot;height&quot;:{&quot;desktop&quot;:&quot;350px&quot;,&quot;tablet&quot;:&quot;300px&quot;,&quot;mobile&quot;:&quot;250px&quot;},&quot;elements&quot;:{&quot;linkNewTab&quot;:false,&quot;linkOn&quot;:&quot;image&quot;},&quot;alignment&quot;:&quot;center&quot;,&quot;background&quot;:{&quot;color&quot;:&quot;#0000&quot;},&quot;padding&quot;:{&quot;vertical&quot;:&quot;10px&quot;,&quot;horizontal&quot;:&quot;10px&quot;},&quot;isPage&quot;:true,&quot;pageSize&quot;:&quot;12px&quot;,&quot;isPrevNext&quot;:true,&quot;prevNextSize&quot;:&quot;25px&quot;,&quot;caption&quot;:{&quot;display&quot;:&quot;none&quot;,&quot;position&quot;:&quot;onImage&quot;,&quot;verticalAlign&quot;:&quot;bottom&quot;,&quot;typo&quot;:{&quot;fontSize&quot;:{&quot;desktop&quot;:16,&quot;tablet&quot;:15,&quot;mobile&quot;:15}},&quot;textAlign&quot;:&quot;left&quot;,&quot;colors&quot;:{&quot;color&quot;:&quot;#fff&quot;,&quot;bg&quot;:&quot;#0000&quot;},&quot;overlay&quot;:{&quot;type&quot;:&quot;gradient&quot;,&quot;gradient&quot;:&quot;linear-gradient(0deg, #000 0%, #0000 50%, #0000 100%)&quot;},&quot;padding&quot;:{&quot;top&quot;:&quot;5px&quot;,&quot;right&quot;:&quot;8px&quot;,&quot;bottom&quot;:&quot;5px&quot;,&quot;left&quot;:&quot;8px&quot;}}}'><\/div>","protected":false},"excerpt":{"rendered":"<p>Brindamos asesoramiento y planificaci\u00f3n para la realizaci\u00f3n de redes cableadas e inal\u00e1mbricas, de acuerdo a la necesidad de cada cliente. Tambi\u00e9n bridamos soluciones de soporte t\u00e9cnico a peque\u00f1as y grandes empresas. \u2022 Redes de cableado&hellip;<\/p>\n","protected":false},"author":1,"featured_media":327,"parent":0,"menu_order":0,"comment_status":"closed","ping_status":"closed","template":"","meta":{"footnotes":""},"class_list":["post-217","page","type-page","status-publish","has-post-thumbnail","hentry"],"_links":{"self":[{"href":"https:\/\/www.telnetcomunicaciones.com\/index.php?rest_route=\/wp\/v2\/pages\/217","targetHints":{"allow":["GET"]}}],"collection":[{"href":"https:\/\/www.telnetcomunicaciones.com\/index.php?rest_route=\/wp\/v2\/pages"}],"about":[{"href":"https:\/\/www.telnetcomunicaciones.com\/index.php?rest_route=\/wp\/v2\/types\/page"}],"author":[{"embeddable":true,"href":"https:\/\/www.telnetcomunicaciones.com\/index.php?rest_route=\/wp\/v2\/users\/1"}],"replies":[{"embeddable":true,"href":"https:\/\/www.telnetcomunicaciones.com\/index.php?rest_route=%2Fwp%2Fv2%2Fcomments&post=217"}],"version-history":[{"count":16,"href":"https:\/\/www.telnetcomunicaciones.com\/index.php?rest_route=\/wp\/v2\/pages\/217\/revisions"}],"predecessor-version":[{"id":374,"href":"https:\/\/www.telnetcomunicaciones.com\/index.php?rest_route=\/wp\/v2\/pages\/217\/revisions\/374"}],"wp:featuredmedia":[{"embeddable":true,"href":"https:\/\/www.telnetcomunicaciones.com\/index.php?rest_route=\/wp\/v2\/media\/327"}],"wp:attachment":[{"href":"https:\/\/www.telnetcomunicaciones.com\/index.php?rest_route=%2Fwp%2Fv2%2Fmedia&parent=217"}],"curies":[{"name":"wp","href":"https:\/\/api.w.org\/{rel}","templated":true}]}}